What is the remainder when z is divided by k?
7
Suppose -1833 = 38*p - 5215. Let a = p + -37. What is the remainder when 73 is divided by a?
21
Let o be 367 - (6/2 - (16 + -17)). Let x = o + -241. Calculate the remainder when x is divided by 32.
26
Let q = -198 - -313. Suppose -9*b + q = -4*b. Let r(h) = -h**3 - 9*h**2 - 2*h - 12. What is the remainder when b is divided by r(-9)?
5
Let t(o) be the third derivative of -o**4/24 + 38*o**3/3 - 2*o**2 - 3. Calculate the remainder when t(-18) is divided by 17.
9
Let x(v) = -v**2 - 13*v + 1. Let h be x(-12). Suppose h*j = j + 156. What is the remainder when 2/(-4) - (-151)/2 is divided by j?
10
Suppose 67*u - 63*u = -c + 282, -6*u + 4*c + 434 = 0. What is the remainder when u is divided by 26?
19
Suppose 4*f = -8*x + 52, -3*f + 5*x = 2*f - 20. What is the remainder when 214 is divided by f?
4
Let f = 59 - 29. Calculate the remainder when 39 is divided by ((-3)/(-2))/(f/80).
3
What is the remainder when (-96)/432 - (-3)/(108/86192) is divided by 48?
42
Let k(a) = -2*a**3 - 15*a**2 + 52*a + 208. Calculate the remainder when k(-11) is divided by 23.
0
Suppose -2*q - 4*u = 26, 0 = q - 5*u - 16 + 50. Let t = q - -28. What is the remainder when 139 is divided by ((-88)/3 - 2)/((-6)/t)?
45
Suppose -3*n = 3*m - 243, 0*n = 2*m - 5*n - 141. Let b = m - 76. What is the remainder when 14 is divided by b?
0
Let t(u) = 10*u**2 + 10*u + 4. Let k be t(-6). Suppose -2*f - 2*s = -6*f + k, 3*s + 302 = 4*f. What is the remainder when f is divided by 13?
12
Let k be 97 - 30/24*4. Let h = -61 + k. Calculate the remainder when h is divided by (6 - 8) + (11 - 1).
7
Let k = -17 - -25. What is the remainder when 933/(-6)*(-9)/((-54)/(-12)) is divided by k?
7
Suppose 4*w = -0*w + 3*z - 1035, 1050 = -4*w - 2*z. Let q = w + 273. What is the remainder when 70 is divided by q?
10
Let k = -16 + 189. Let b = -177 - -102. Let n = b + k. Calculate the remainder when n is divided by 25.
23
Let c be 0 + 0 + (-1 - (-4 + -2)). Suppose c*o = -8*o + 1391. Calculate the remainder when o is divided by 28.
23
Suppose -2*d + 2*i - 3 = -5, -4*d - 3*i = -18. Let v(x) = x + d*x + 0*x - 35. What is the remainder when 12 is divided by v(10)?
2
Let b be 0 - (30/(-5))/2. Suppose -1 - b = 3*t + 5*c, t - 5*c = 12. Suppose t*f + 15 = 3*f. What is the remainder when 56 is divided by f?
11
Let p = 294 + -185. Let q(w) = 2*w - 2. Let g be q(2). Suppose m + v - 27 = 0, g*m - 20 - 40 = 4*v. Calculate the remainder when p is divided by m.
25
Suppose -58*s + 1959 = -3*s - 2661. What is the remainder when 347 is divided by s?
11
Suppose -5*j = -3*v - 75, 0*v + 32 = j - 4*v. Let f = 15 - j. Suppose 3*d + 4 = d - 4*k, -d - f*k = 7. Calculate the remainder when 23 is divided by d.
7
Let a = -82 - 159. Let s = 288 + a. Calculate the remainder when s is divided by 12.
11
Let y(z) be the second derivative of 3*z**3 + 23*z**2/2 + 88*z. What is the remainder when y(2) is divided by 23?
13
Suppose 0 = -3*c - 30 + 171. Suppose -11*q + 45 = -10*q + 3*n, 4*q = -4*n + 204. Calculate the remainder when c is divided by (14 + 0)/(q/27).
5
What is the remainder when 7933 is divided by (-10)/8*(-11592)/630?
21
Let b(m) = 2*m**2 - 31*m - 42. Let l be b(14). Let a = l - -233. Calculate the remainder when a is divided by 22.
17
Let d(h) = 2*h**2 - 8 + h + 1 - 5*h. Suppose -z - 6 = 2*l, 4*l - 2 + 8 = -5*z. Calculate the remainder when d(l) is divided by 21.
20
Suppose 3 = -d - 0*b - b, 5*d - 3*b = 9. Suppose -q + 24 + 8 = d. What is the remainder when q is divided by 2 + 0 + 5/1?
4
Calculate the remainder when 13 - (-15 + (-5460)/7) is divided by 43.
34
Suppose -t = -1, 5*t + 15 = 5*q - 0. Let p be (-27)/2*20/(-30). Suppose p*d = 5*d + 8. What is the remainder when q is divided by d?
0
What is the remainder when (-5)/(3 + -8) - 1550/(-5) is divided by 290?
21
Suppose -5*q = 5*x - 45, 3*x - 28*q = -29*q + 29. What is the remainder when 751 is divided by x?
1
Let x(g) = 13*g - 62. Let h be x(16). Let s = 166 - h. What is the remainder when 217 is divided by s?
17
Let b = 11537 - 11516. Calculate the remainder when 207 is divided by b.
18
Suppose -118*a = 74*a - 5952. Let z(d) = 2*d**3 + 5*d**2 - 7*d + 4. Calculate the remainder when z(4) is divided by a.
29
Let b(p) = 19*p - 1. Let o be b(2). Suppose o*z + 273 = 40*z. Let y = -84 + z. Calculate the remainder when 17 is divided by y.
3
Suppose 110*r - 185 - 145 = 0. Calculate the remainder when 893 is divided by r.
2
Let c = -40 + 60. Let x = 54 + 5. What is the remainder when x is divided by (c/(-6))/((-9)/27)?
9
Let c = 4332 - 4134. Calculate the remainder when 733 is divided by c.
139
Calculate the remainder when 3099 is divided by 5/(-2)*(20 - 5916/85).
123
Suppose 3*u - g - 43 = 0, -7*u - 4*g = -9*g - 119. Let h = 32 + -11. Suppose h + 17 = s - 2*c, -3*s + 74 = 4*c. Calculate the remainder when s is divided by u.
6
Let m = 25541 - 19612. What is the remainder when m is divided by 87?
13
Suppose 7*d - 12*d = -1810. Let v = d + 275. Suppose -v = -4*u - 9*u. What is the remainder when u is divided by 13?
10
Let p(o) be the first derivative of -3*o**2/2 - 29*o - 8. Let y be p(-20). Suppose 34*h - 114 = y*h. What is the remainder when 74 is divided by h?
36
Let u = 9575 + -9379. What is the remainder when u is divided by 96?
4
Let c = 644 + -612. Calculate the remainder when 87 is divided by c.
23
Suppose 10*l - 5*l = -4*l + 1512. What is the remainder when 661 is divided by l?
157
Suppose -117 + 43 = -2*f. What is the remainder when 45 is divided by f?
8
Suppose 181*r + 7800 = 191*r. Calculate the remainder when r is divided by 16.
12
Suppose 0 = -3*c + n - 62 + 192, n = 2*c - 85. Suppose -c = -17*r + 12*r. Calculate the remainder when 107 is divided by r.
8
Suppose -11*i - 30*i + 2960 = 33*i. What is the remainder when 5359 is divided by i?
39
Calculate the remainder when 1675 is divided by ((-154)/70 + 2)*-65.
11
Calculate the remainder when 4246*(-9 + -4)/(-26) is divided by 16.
11
Let y = 26186 - 26161. Calculate the remainder when 596 is divided by y.
21
Calculate the remainder when -11 + 3 + 126 + 9 is divided by 99.
28
Let g be 666/72 - 2/8. Suppose -g*p - 3 = -48. Suppose 5*d - 3*o - 18 = 0, -p*o - 27 + 7 = -5*d. Calculate the remainder when 5 is divided by d.
2
Suppose -10*l + 60 = 2*j - 15*l, 0 = -5*j - 2*l + 121. Let n(m) = 2*m**3 - 3*m**2 + 5*m - 5. Calculate the remainder when n(3) is divided by j.
12
Let l be -30 + -21 + 2/2. Let m = l + 30. Let b = m + 66. Calculate the remainder when b is divided by 17.
12
Suppose 0 = -78*f + 1207 + 2024 - 579. What is the remainder when 97 is divided by f?
29
Let n be (-9)/((-3)/(-5)*(-15)/12). Let g be (6/(-8))/(3/n - 0). Calculate the remainder when 55 is divided by (171/27)/((-1)/g).
17
Let n(k) = -5*k + 59. Let s = -103 + 178. Calculate the remainder when s is divided by n(8).
18
Let b = -1511 + 1549. What is the remainder when 109 is divided by b?
33
Suppose -2*r + 32 = 4*x, -14*r = -17*r - 2*x + 68. Calculate the remainder when 310 is divided by r.
24
Let q(u) = -u**2 + 11*u - 27. Let x be q(6). Suppose 4 = 5*a + c, x*a - 2*a + 2*c = 8. Suppose a*p - 4*p = -180. What is the remainder when p is divided by 10?
5
Let z = -19 + 94. Let g = -1718 - -959. Let r = -740 - g. Calculate the remainder when z is divided by r.
18
Suppose 0 = 5*v - 4*v - 48. What is the remainder when v is divided by (1 + 0)/((-2563)/198 + 13)?
12
Let n(d) = d**3 - 4*d**2 - 6*d - 3. Let x be n(-4). Let f = x - -146. What is the remainder when f is divided by 15?
9
Suppose -416 = 12*q - 14*q. Let k = q + -188. Calculate the remainder when k is divided by 8.
4
Let u = 0 + 6. Suppose -5*h + 1 = -4*f, f = 11*h - 10*h. What is the remainder when u is divided by f?
0
Let q = 28 - 15. Suppose 5*a = 8*a + 69. Let o = 61 + a. What is the remainder when o is divided by q?
12
Suppose -138*z = -166*z + 5292. What is the remainder when 637 is divided by z?
70
What is the remainder when 1621 - 9/18*-24 is divided by 19?
18
Suppose -3*o = 4*s - 12, -4*s + 20 = -6*s + 5*o. Calculate the remainder when ((-4248)/16)/(-9)*(s - -2) is divided by 15.
14
Suppose -5*k - 422 = -o, -59*k = 2*o - 54*k - 844. Calculate the remainder when o is divided by 108.
98
Let z(x) = -x**2 - 9*x + 1207. Calculate the remainder when 2035 is div